5
What is the remainder when 6105 is divided by 232?
73
What is the remainder when 1372 is divided by 1370?
2
What is the remainder when 219862 is divided by 343?
342
Calculate the remainder when 136213 is divided by 471.
94
Calculate the remainder when 19533 is divided by 47.
28
What is the remainder when 564993 is divided by 141246?
9
What is the remainder when 2196 is divided by 702?
90
Calculate the remainder when 265105 is divided by 132526.
53
What is the remainder when 15668 is divided by 3910?
28
Calculate the remainder when 7954 is divided by 7953.
1
What is the remainder when 710 is divided by 86?
22
Calculate the remainder when 2150 is divided by 313.
272
What is the remainder when 578 is divided by 520?
58
Calculate the remainder when 10544 is divided by 90.
14
Calculate the remainder when 21675 is divided by 52.
43
What is the remainder when 9785 is divided by 1570?
365
What is the remainder when 1956723 is divided by 943?
941
What is the remainder when 124333 is divided by 1003?
964
Calculate the remainder when 906957 is divided by 82450.
7
What is the remainder when 742288 is divided by 76?
72
What is the remainder when 887 is divided by 443?
1
Calculate the remainder when 75319 is divided by 876.
859
What is the remainder when 19794 is divided by 4938?
42
Calculate the remainder when 730001 is divided by 364999.
3
Calculate the remainder when 12914 is divided by 2086.
398
Calculate the remainder when 5466 is divided by 27.
12
Calculate the remainder when 72514 is divided by 490.
484
Calculate the remainder when 19473 is divided by 23.
15
Calculate the remainder when 10582 is divided by 6.
4
What is the remainder when 1045 is divided by 987?
58
Calculate the remainder when 22291 is divided by 177.
166
Calculate the remainder when 353623 is divided by 34.
23
Calculate the remainder when 24721 is divided by 24710.
11
What is the remainder when 14915 is divided by 1238?
59
What is the remainder when 1879 is divided by 1816?
63
What is the remainder when 144836 is divided by 77?
76
Calculate the remainder when 76570 is divided by 1445.
1430
Calculate the remainder when 114233 is divided by 114231.
2
What is the remainder when 3878628 is divided by 827?
825
Calculate the remainder when 10401 is divided by 795.
66
Calculate the remainder when 58615 is divided by 56.
39
Calculate the remainder when 155 is divided by 51.
2
What is the remainder when 11022 is divided by 3667?
21
Calculate the remainder when 65237 is divided by 373.
335
Calculate the remainder when 656278 is divided by 6.
4
Calculate the remainder when 65448 is divided by 35.
33
What is the remainder when 101614 is divided by 20315?
39
Calculate the remainder when 7258 is divided by 1014.
160
What is the remainder when 1091 is divided by 190?
141
What is the remainder when 5037 is divided by 12?
9
What is the remainder when 3472 is divided by 19?
14
What is the remainder when 14682 is divided by 33?
30
Calculate the remainder when 4081 is divided by 85.
1
What is the remainder when 280903 is divided by 204?
199
Calculate the remainder when 1790 is divided by 249.
47
What is the remainder when 24517 is divided by 31?
27
What is the remainder when 3629 is divided by 253?
87
What is the remainder when 896 is divided by 65?
51
Calculate the remainder when 31362 is divided by 99.
78
What is the remainder when 3968 is divided by 1320?
8
What is the remainder when 11294 is divided by 2351?
1890
What is the remainder when 373099 is divided by 14?
13
Calculate the remainder when 35182 is divided by 2701.
69
Calculate the remainder when 15085 is divided by 269.
21
What is the remainder when 29831 is divided by 87?
77
Calculate the remainder when 20325 is divided by 473.
459
Calculate the remainder when 124628 is divided by 124614.
14
What is the remainder when 9772 is divided by 105?
7
What is the remainder when 31330 is divided by 81?
64
What is the remainder when 84137 is divided by 227?
147
What is the remainder when 94286 is divided by 864?
110
Calculate the remainder when 23953 is divided by 5269.
2877
What is the remainder when 9768 is divided by 1085?
3
Calculate the remainder when 382846 is divided by 32.
30
Calculate the remainder when 203105 is divided by 203084.
21
What is the remainder when 133070 is divided by 31?
18
Calculate the remainder when 609499 is divided by 115.
114
Calculate the remainder when 823335 is divided by 411666.
3
Calculate the remainder when 4982 is divided by 5.
2
Calculate the remainder when 7965121 is divided by 11.
10
Calculate the remainder when 3007404 is divided by 5.
4
Calculate the remainder when 12232 is divided by 4040.
112
What is the remainder when 81062 is divided by 20257?
34
What is the remainder when 35851 is divided by 144?
139
What is the remainder when 338979 is divided by 20?
19
Calculate the remainder when 16708 is divided by 226.
210
Calculate the remainder when 30090 is divided by 470.
10
Calculate the remainder when 56391 is divided by 9.
6
What is the remainder when 35174 is divided by 5842?
122
Calculate the remainder when 3949 is divided by 1973.
3
Calculate the remainder when 105441 is divided by 261.
258
Calculate the remainder when 48158 is divided by 24079.
0
What is the remainder when 821 is divided by 2?
1
What is the remainder when 6541 is divided by 39?
28
What is the remainder when 102251 is divided by 20?
11
Calculate the remainder when 4833 is divided by 1513.
294
Calculate the remainder when 5291 is divided by 163.
75
Calculate the remainder when 9433 is divided by 17.
15
What is the remainder when 125543 is divided by 1460?
1443
What is the remainder when 2300 is divided by 165?
155
Calculate the remainder when 4658 is divided by 110.
38
What is the remainder when 1794 is divided by 839?
116
Calculate the remainder when 1246 is divided by 494.
258
Calculate the remainder when 654604 is divided by 327295.
14
What is the remainder when 2211 is divided by 239?
60
Calculate the remainder when 286505 is divided by 26.
11
What is the remainder when 7747 is divided by 10?
7
Calculate the remainder when 144018 is divided by 787.
784
What is the remainder when 5057 is divided by 2336?
385
What is the remainder when 11841 is divided by 3886?
183
Calculate the remainder when 12052 is divided by 2143.
1337
Calculate the remainder when 4092 is divided by 1571.
950
What is the remainder when 5285 is divided by 187?
49
What is the remainder when 57520 is divided by 292?
288
Calculate the remainder when 2046 is divided by 288.
30
What is the remainder when 7549 is divided by 141?
76
Calculate the remainder when 10578 is divided by 1013.
448
What is the remainder when 7599 is divided by 50?
49
What is the remainder when 4732 is divided by 108?
88
What is the remainder when 10120 is divided by 463?
397
Calculate the remainder when 464 is divided by 267.
197
Calculate the remainder when 269168 is divided by 249.
248
What is the remainder when 45130 is divided by 208?
202
Calculate the remainder when 7468 is divided by 579.
520
What is the remainder when 16035 is divided by 243?
240
What is the remainder when 14505 is divided by 12?
9
Calculate the remainder when 9365 is divided by 641.
391
What is the remainder when 360 is divided by 137?
86
Calculate the remainder when 35120 is divided by 450.
20
Calculate the remainder when 43331 is divided by 62.
55
Calculate the remainder when 523 is divided by 133.
124
Calculate the remainder when 497954 is divided by 54.
20
What is the remainder when 269995 is divided by 13?
11
Calculate the remainder when 51409 is divided by 17130.
19
Calculate the remainder when 62024 is divided by 106.
14
Calculate the remainder when 1739847 is divided by 11.
10
What is the remainder when 1243963 is divided by 621976?
11
Calculate the remainder when 94965 is divided by 411.
24
What is the remainder when 16332 is divided by 250?
82
What is the remainder when 65909 is divided by 82?
63
What is the remainder when 8217 is divided by 1647?
1629
What is the remainder when 1864727 is divided by 595?
592
What is the remainder when 1259 is divided by 15?
14
Calculate the remainder when 1484 is divided by 14.
0
Calculate the remainder when 16186 is divided by 1088.
954
What is the remainder when 9068 is di